0) + 707/(-15))/(45/(-42795))?
2, 71, 317
Let m(f) = -f - 8*f - 46*f**2 + 5*f**3 - 3*f**3 + 4 + 32*f - 13*f. What are the prime factors of m(23)?
2, 3, 13
Suppose -a + 5 = 0, n - 2*n + 5*a - 20 = 0. Suppose 514 + 2051 = n*s. Suppose s + 15 = 3*p. What are the prime factors of p?
2, 11
Let o be 207*3*(-2)/(-6). Let y = o + -62. List the prime factors of y.
5, 29
Let m(f) = -32*f + 19. Let n be m(3). Let b = n - -84. Suppose 658 = -0*x + b*x. What are the prime factors of x?
2, 47
Let v be ((-18)/(-4))/((-13)/26). Let f(t) = t**2 - 2*t - 12. What are the prime factors of f(v)?
3, 29
Suppose 4*i = 30*p - 34*p + 120, -5*p = -5*i + 130. What are the prime factors of i?
2, 7
Suppose 72*l - 73*l = -296. List the prime factors of (4 - -2)/(12/l).
2, 37
Let n be (-79 - -77) + (2 - -1). What are the prime factors of (57 - -841) + (n - 1)?
2, 449
Suppose -8*r + 10 = -3*r - u, -3*u - 11 = 4*r. List the prime factors of (4 + r - 3920/(-32))*6.
3, 5, 17
Suppose 10221*n - 10246*n = -4100. What are the prime factors of n?
2, 41
What are the prime factors of (10 + (-106935)/(-75))/((-1)/(-10))?
2, 3, 2393
Suppose -12 = -3*s, 0*s - 36 = -4*r - s. Suppose 0 = -10*x + 6*x - 292. List the prime factors of (x + 7)*r/(-6).
2, 11
Suppose -153*j + 53*j + 3569100 = 0. What are the prime factors of j?
3, 11897
Let j(k) = 24*k**2 - 2*k - 3. Let l be j(-4). Suppose 0 = -3*g - 2*u + l, 4*g + 3*u - 520 = -u. Suppose 49 = -4*o + g. What are the prime factors of o?
2, 5
Let k(r) = -15*r - 26. Let j be k(-7). Let s = j - 74. Suppose 0 = 10*y - s*y - 610. What are the prime factors of y?
2, 61
Let t = 14 + -9. What are the prime factors of 2 - (t - -1) - -384?
2, 5, 19
What are the prime factors of ((-2586)/(-5) + -3)/(9/45)?
3, 857
Let r(a) = -a**2 + 7*a - 12. Let i be r(5). List the prime factors of (1 - (1 - i)) + 10461/33.
3, 5, 7
Let p(z) = 1047*z**2 - 1035*z**2 - z**3 + 4 - 17*z + 9. List the prime factors of p(9).
103
Let v = 45 + -46. What are the prime factors of (v - 1) + -177*24/(-18)?
2, 3, 13
Let c = -59 - -63. Suppose -c = -v - 1. Suppose 92 = 4*j + v*f, -2*j - f = -76 + 30. What are the prime factors of j?
23
Suppose -4*b + 10*b = 120. Let t = 0 - b. List the prime factors of 1*t/(-16)*(-24)/(-1).
2, 3, 5
Suppose -52*z + 61*z - 36 = 0. Suppose 6*s + 2760 = 8*s - z*r, 3*r = -5*s + 6835. List the prime factors of s.
2, 5, 137
Let r(p) = p**2 - 29*p + 113. Let x be r(5). List the prime factors of (x - 362/12)*-18.
3, 223
Let i(y) be the first derivative of -y**4/4 + 8*y**3/3 - 3*y**2 + 5*y - 2. Let a = 838 + -833. What are the prime factors of i(a)?
2, 5
Suppose 3804 = 3*f - 2*p, -8509 + 26261 = 14*f + 2*p. List the prime factors of f.
2, 317
Let i(z) be the first derivative of z**3 + 45*z**2 - 25*z - 26. List the prime factors of i(-31).
2, 17
List the prime factors of -3 + 87/27 - (-13642332)/297.
2, 7, 17, 193
Suppose 24*y + y - 363506 = 3*y. List the prime factors of y.
13, 31, 41
Let k(t) = -t**3 + 46*t**2 + 42*t + 358. List the prime factors of k(41).
3, 5, 233
Let n(b) be the second derivative of -b**5/20 + b**4 - 3*b**3/2 - 6*b**2 - 37*b. Let y be n(12). Let q = 34 - y. What are the prime factors of q?
2, 7, 11
Suppose 0 = 3*b - 5*h - 42974 - 5853, 4*b - 65100 = 4*h. List the prime factors of b.
2, 79, 103
Let w = 77145 + -52568. List the prime factors of w.
7, 3511
Suppose -15518 + 301804 = 7*o. What are the prime factors of o?
2, 11, 13
Let q(j) = j**2 + 16*j + 15. Suppose -39*v = -959 + 179. List the prime factors of q(v).
3, 5, 7
Let x(h) be the first derivative of -h**4/4 - 8*h**3/3 + 6*h**2 - 14*h + 3. What are the prime factors of x(-10)?
2, 3, 11
Let k(j) = -j**3 + 5*j**2 + 16*j - 7. Let t be k(7). Let r = t - 4. Suppose -y - b + 47 = 0, -r*b + 21 + 36 = y. What are the prime factors of y?
2, 3, 7
Let q = -94 + 99. Suppose 4*w + q*i - 20 = 0, 2*w + 5*i = 7*w - 70. Suppose -w*t + 20*t = 90. List the prime factors of t.
3
What are the prime factors of (-2 + (-5)/(-2) + 2)*(1843 - 5)?
5, 919
Let r = -8467 + 15523. What are the prime factors of r?
2, 3, 7
Suppose 5*p + 78 = y, y + p = -0*p + 54. Suppose -101 = -2*n + 5*d, n - d + 0*d = y. What are the prime factors of n?
3, 7
Suppose 0 = c + 5*j - 5, -5*c - 8 + 3 = -5*j. Suppose c = 12*s - 843 - 81. What are the prime factors of s?
7, 11
Let o(j) = 8*j + 12*j + 0 - 24*j - 53*j - 13. What are the prime factors of o(-17)?
2, 239
Let h be (-6)/3 + -10 + 66. Suppose -h*r = -10*r - 34232. What are the prime factors of r?
2, 389
Let u be ((20/(-15))/(-4))/((-1)/(-3)). Let k be u/(15/(-9)) - (-27)/(-5). What are the prime factors of ((-87)/k)/((-3)/(-12)*2)?
29
Let s(t) = -t**2 + 44*t - 160. Let v be s(40). List the prime factors of (1 - v)*((1 - -848) + 3).
2, 3, 71
Suppose 0 = 5*u - 54*l + 57*l - 10, 0 = u - 3*l + 16. Suppose -3*v + 23 = 3*n - 5*v, -4*v + 8 = 0. List the prime factors of (u - (-912)/n) + (-2)/6.
2, 5
Let w be (-134)/(4 - 1 - 5). Suppose -4*i - 21 = w. List the prime factors of -1*11/(i/60).
2, 3, 5
Let r = -41 - -41. Suppose 4*q - 3*i = 1, r*i + i = -3*q + 4. List the prime factors of (3 + -4)*-85*q.
5, 17
Let h = 7626 - 1233. List the prime factors of h.
3, 2131
Let g = -8 - -81. Suppose -60 - g = -o. Let v = o + -14. List the prime factors of v.
7, 17
Suppose -124*j - 2787203 - 2807716 = -487*j. List the prime factors of j.
15413
Let z = -14 - -16. Let o(l) = 43*l**2 - 2. Let j be o(z). Suppose 2*f - 2*a = j, 3*f + 4*a = 4*f - 82. List the prime factors of f.
2, 43
Let p = -36471 + 66606. What are the prime factors of p/25 - 3/(-5)?
2, 3, 67
List the prime factors of (4253*(-8)/(-6))/((-44)/(-33)).
4253
Let z = 15933 - -2180. List the prime factors of z.
59, 307
Suppose -2*j = -3*u + 4*u - 20, -5*j = 0. Let h(p) = -6 + 6*p**3 + 0*p**3 + 12*p**2 - u - 7*p**3 + 7*p. List the prime factors of h(11).
2, 43
Suppose 0 = -d + 55 - 61. List the prime factors of 75 - (-7 - (d + 1)).
7, 11
Suppose 3*l + 38991 = 3*h, -9419 = 5*h - 2*l - 74404. What are the prime factors of h?
41, 317
Suppose 3*i = -12, 7*p - 3*p - i = 380. Suppose -2*q + 5*t = t - p, -5*q + 205 = -4*t. What are the prime factors of q?
37
Let k be (-21)/(-14)*(-3)/(9/6). Let u be (-9 - (-1 + k))/(-1). Suppose -624 = 2*g - u*g. List the prime factors of g.
2, 13
Let g(t) = 1. Let v(u) = -u**2 - 46*u + 9. Let j(a) = 2*g(a) - v(a). What are the prime factors of j(10)?
7, 79
Let l(d) = -146*d + 70. Let j be l(-15). Suppose -10*b = -6*b - j. What are the prime factors of b?
5, 113
Let h(x) = 248*x**2 - 23. Let p be h(5). Suppose 25*u = p + 298. What are the prime factors of u?
7, 37
Let p be 36/(-162) + (-4)/(-18). Suppose 3*n - 3 = p, 2*n - 3*n + 2306 = 5*g. Let d = -193 + g. What are the prime factors of d?
2, 67
Let w = -275 + 279. Suppose w*u - 26 = 4*p - 210, 4*p - 182 = 5*u. List the prime factors of p.
2, 3
Let w(t) = 10*t**2 - 13*t - 60. List the prime factors of w(-3).
3, 23
Let a(l) = -l**2 + 6*l - 2. Let f be a(5). Let t = -395 - -399. Suppose -f*w - 3*i + 54 = 0, t*i = w - 5 + 2. What are the prime factors of w?
3, 5
Suppose -3*s + 5*s = 3*s. Suppose 12*w - w - 1452 = s. Suppose -13*t + 1367 = w. List the prime factors of t.
5, 19
Let n(s) be the first derivative of -s**4/4 - 23*s**3/3 - 17*s**2 - 93*s + 40. List the prime factors of n(-23).
13, 53
What are the prime factors of (-19)/(95/(-90710)) - 0?
2, 47, 193
Let m = 79 - 80. What are the prime factors of (51 + m)/(4/26)?
5, 13
Let r(s) = -s - 16. Let x be r(-19). Suppose -55 = 37*c - 32*c. Let p = x - c. List the prime factors of p.
2, 7
Suppose 7*q - 47 - 9 = 0. Let b = q - -6. Suppose 19*h = b*h + 235. List the prime factors of h.
47
Suppose 0 = 73*t + 203*t - 10503 - 198429. List the prime factors of t.
757
Suppose 0 = -23*b + 22*b + 2, 3*x - 55960 = 4*b. List the prime factors of x.
2, 11, 53
Let b = -50 - 242. List the prime factors of 2 + (-3 - -9)/(-3) - b.
2, 73
Let k(x) = x**3 - 3*x**2 - 40*x + 5. Let t be k(8). Suppose -t*m + 4230 = -5*y, m + 4*y - 9*y - 846 = 0. What are the prime factors of m?
2, 3, 47
Let u be (2 - 2)/(10/5). Suppose u = -3*x - 0*x + 303. Let h = x - -85. List the prime factors of h.
2, 3, 31
What are the prime factors of (30/18)/((-71608)/167118 - 3/(-7))?
5, 23, 173
List the prime factors of (-50)/(-12*(-10)/480)*224/(-10).
2, 5, 7
Suppo